928.
2, 29
What are the prime factors of 1520?
2, 5, 19
What are the prime factors of 3729?
3, 11, 113
What are the prime factors of 11800?
2, 5, 59
List the prime factors of 7204.
2, 1801
List the prime factors of 60.
2, 3, 5
List the prime factors of 6451.
6451
What are the prime factors of 1937?
13, 149
List the prime factors of 96813.
3, 31, 347
List the prime factors of 17120.
2, 5, 107
What are the prime factors of 1192?
2, 149
List the prime factors of 870.
2, 3, 5, 29
List the prime factors of 13709.
13709
What are the prime factors of 21817?
21817
List the prime factors of 9520.
2, 5, 7, 17
What are the prime factors of 824?
2, 103
List the prime factors of 20583.
3, 2287
List the prime factors of 22772.
2, 5693
List the prime factors of 882.
2, 3, 7
What are the prime factors of 29468?
2, 53, 139
List the prime factors of 802.
2, 401
What are the prime factors of 3734?
2, 1867
List the prime factors of 209.
11, 19
What are the prime factors of 59443?
59443
What are the prime factors of 113302?
2, 7, 8093
List the prime factors of 19714.
2, 9857
What are the prime factors of 18719?
18719
List the prime factors of 16234.
2, 8117
List the prime factors of 181004.
2, 37, 1223
What are the prime factors of 2708?
2, 677
List the prime factors of 4514.
2, 37, 61
What are the prime factors of 26354?
2, 13177
What are the prime factors of 44457?
3, 7, 29, 73
What are the prime factors of 10919?
61, 179
List the prime factors of 70693.
7, 10099
What are the prime factors of 10159?
10159
What are the prime factors of 103222?
2, 7, 73, 101
List the prime factors of 268.
2, 67
List the prime factors of 37.
37
List the prime factors of 3095.
5, 619
What are the prime factors of 37673?
101, 373
List the prime factors of 9809.
17, 577
What are the prime factors of 4941?
3, 61
List the prime factors of 15425.
5, 617
What are the prime factors of 7252?
2, 7, 37
What are the prime factors of 67528?
2, 23, 367
What are the prime factors of 68192?
2, 2131
What are the prime factors of 650?
2, 5, 13
List the prime factors of 277.
277
List the prime factors of 956.
2, 239
What are the prime factors of 44392?
2, 31, 179
List the prime factors of 228.
2, 3, 19
List the prime factors of 1662.
2, 3, 277
List the prime factors of 6891.
3, 2297
List the prime factors of 10777.
13, 829
List the prime factors of 118186.
2, 59093
List the prime factors of 89.
89
What are the prime factors of 928?
2, 29
What are the prime factors of 78898?
2, 103, 383
What are the prime factors of 1085?
5, 7, 31
List the prime factors of 8458.
2, 4229
What are the prime factors of 14227?
41, 347
List the prime factors of 30061.
23, 1307
List the prime factors of 34849.
34849
What are the prime factors of 3002?
2, 19, 79
List the prime factors of 22514.
2, 11257
What are the prime factors of 923?
13, 71
List the prime factors of 41055.
3, 5, 7, 17, 23
List the prime factors of 1184.
2, 37
List the prime factors of 74473.
7, 10639
List the prime factors of 5390.
2, 5, 7, 11
List the prime factors of 28373.
17, 1669
List the prime factors of 18736.
2, 1171
List the prime factors of 3138.
2, 3, 523
What are the prime factors of 169?
13
List the prime factors of 4151.
7, 593
List the prime factors of 1835.
5, 367
What are the prime factors of 3420?
2, 3, 5, 19
List the prime factors of 47449.
23, 2063
List the prime factors of 107296.
2, 7, 479
List the prime factors of 80.
2, 5
List the prime factors of 10027.
37, 271
List the prime factors of 21233.
17, 1249
List the prime factors of 97063.
29, 3347
What are the prime factors of 16889?
16889
List the prime factors of 29007.
3, 11, 293
List the prime factors of 79440.
2, 3, 5, 331
List the prime factors of 904.
2, 113
List the prime factors of 33275.
5, 11
List the prime factors of 36651.
3, 19, 643
List the prime factors of 30127.
47, 641
What are the prime factors of 111?
3, 37
List the prime factors of 1084.
2, 271
What are the prime factors of 13371?
3, 4457
List the prime factors of 702.
2, 3, 13
List the prime factors of 1842.
2, 3, 307
What are the prime factors of 14130?
2, 3, 5, 157
What are the prime factors of 696?
2, 3, 29
List the prime factors of 3092.
2, 773
List the prime factors of 1638.
2, 3, 7, 13
List the prime factors of 60242.
2, 7, 13, 331
What are the prime factors of 19066?
2, 9533
List the prime factors of 1770.
2, 3, 5, 59
What are the prime factors of 2090?
2, 5, 11, 19
What are the prime factors of 29077?
29077
List the prime factors of 686.
2, 7
List the prime factors of 13580.
2, 5, 7, 97
List the prime factors of 7082.
2, 3541
List the prime factors of 8420.
2, 5, 421
List the prime factors of 3762.
2, 3, 11, 19
List the prime factors of 2433.
3, 811
What are the prime factors of 377?
13, 29
List the prime factors of 3321.
3, 41
List the prime factors of 139166.
2, 149, 467
List the prime factors of 798.
2, 3, 7, 19
List the prime factors of 281.
281
What are the prime factors of 73416?
2, 3, 7, 19, 23
What are the prime factors of 1808?
2, 113
List the prime factors of 35.
5, 7
List the prime factors of 1522.
2, 761
List the prime factors of 1300.
2, 5, 13
List the prime factors of 2180.
2, 5, 109
What are the prime factors of 14637?
3, 7, 17, 41
List the prime factors of 20748.
2, 3, 7, 13, 19
List the prime factors of 14369.
14369
What are the prime factors of 169?
13
What are the prime factors of 59513?
59513
What are the prime factors of 6380?
2, 5, 11, 29
List the prime factors of 129931.
17, 7643
List the prime factors of 39480.
2, 3, 5, 7, 47
What are the prime factors of 196?
2, 7
List the prime factors of 509.
509
What are the prime factors of 23019?
3, 7673
What are the prime factors of 22455?
3, 5, 499
List the prime factors of 3046.
2, 1523
What are the prime factors of 2333?
2333
What are the prime factors of 606?
2, 3, 101
What are the prime factors of 2135?
5, 7, 61
What are the prime factors of 2476?
2, 619
What are the prime factors of 3976?
2, 7, 71
What are the prime factors of 2931?
3, 977
List the prime factors of 3299.
3299
List the prime factors of 13135.
5, 37, 71
List the prime factors of 1637.
1637
List the prime factors of 2269.
2269
List the prime factors of 103942.
2, 51971
List the prime factors of 1310.
2, 5, 131
What are the prime factors of 13409?
11, 23, 53
List the prime factors of 778.
2, 389
List the prime factors of 6068.
2, 37, 41
What are the prime factors of 76845?
3, 5, 47, 109
List the prime factors of 6625.
5, 53
List the prime factors of 5534.
2, 2767
What are the prime factors of 287?
7, 41
List the prime factors of 33583.
11, 43, 71
What are the prime factors of 1130?
2, 5, 113
What are the prime factors of 4971?
3, 1657
List the prime factors of 12602.
2, 6301
List the prime factors of 6797.
7, 971
List the prime factors of 4007.
4007
What are the prime factors of 50950?
2, 5, 1019
What are the prime factors of 3726?
2, 3, 23
List the prime factors of 905.
5, 181
List the prime factors of 955.
5, 191
What are the prime factors of 5612?
2, 23, 61
List the prime factors of 777.
3, 7, 37
What are the prime factors of 14549?
14549
List the prime factors of 4451.
4451
List the prime factors of 1509.
3, 503
What are the prime factors of 1766?
2, 883
List the prime factors of 2063.
2063
What are the prime factors of 927?
3, 103
List the prime factors of 203.
7, 29
List the prime factors of 2483.
13, 191
What are the prime factors of 187?
11, 17
List the prime factors of 42204.
2, 3, 3517
What are the prime factors of 4011?
3, 7, 191
What are the prime factors of 3220?
2, 5, 7, 23
What are the prime factors of 2797?
2797
What are the prime factors of 32447?
71, 457
What are the prime factors of 39793?
13, 3061
What are the prime factors of 48656?
2, 3041
List the prime factors of 4817.
4817
What are the prime factors of 384?
2, 3
List the prime factors of 39966.
2, 3, 6661
List the prime factors of 3774.
2, 3, 17, 37
List the prime factors of 5669.
5669
What are the prime factors of 326?
2, 163
What are the prime factors of 153?
3, 17
What are the prime factors of 64644?
2, 3, 5387
List the prime factors of 753.
3, 251
List the prime factors of 94.
2, 47
What are the prime factors of 568?
2, 71
What are the prime factors of 1003?
17, 59
What are the prime fact